ivisor of b and d?
13
Let c = 9 - 15. Let u = c + 12. Let q = u + 1. What is the highest common factor of 7 and q?
7
Let y be (22/(-6))/(5/(-90)). Calculate the greatest common divisor of 22 and y.
22
Let g(a) = -5*a - 9. Let u be g(-4). Let v = u - 10. Suppose t = 2*t - 1. What is the greatest common factor of v and t?
1
Let s(g) = 9*g**2 + 2*g. Let z be s(-2). Calculate the greatest common factor of 32 and z.
32
Let v be 3/(-6) + (-1)/(-2). Suppose x - 7 - 2 = v. Calculate the greatest common divisor of 36 and x.
9
Let r(c) = -10*c - 2. Suppose -3*d = -7*d + 2*y - 10, -3*d - 3*y = -15. Suppose -3*t = 6 - d. Let f be r(t). Calculate the highest common divisor of f and 36.
18
Let f = -128 - -227. What is the highest common factor of f and 9?
9
Let a be (-60)/(-9) - (-1)/3. Let y = -2 + 23. Suppose 4 = -t, -2*k + t + a + y = 0. What is the highest common divisor of 132 and k?
12
Let p(k) = -k + 7. Let b(g) = 1. Let y(o) = -2*b(o) + p(o). Let s be y(-8). Calculate the greatest common divisor of 104 and s.
13
Suppose -3*j = -19 - 17. What is the greatest common divisor of 4 and j?
4
Suppose 0 = -g + 64 + 178. Suppose 0 = -4*z + g - 26. Calculate the greatest common divisor of 6 and z.
6
Suppose -g = 2*y - 13, g + y - 13 = -0*g. What is the greatest common factor of g and 13?
13
Suppose -4*s + 9*s - 20 = 0. Let l = s - -4. What is the greatest common divisor of l and 12?
4
Let l(p) = p**3 + 7*p**2 - 8*p - 8. Let n be l(-7). Suppose 3*b + 2*b = 80. What is the greatest common factor of b and n?
16
Suppose i = -1 + 5. Let y be 5/(-10)*-2 + 15. Calculate the greatest common divisor of i and y.
4
Suppose 4*m - 42 + 15 = 5*q, -3*q - 21 = -4*m. Let r be 4/24 - 140/(-24). Let t be r/(-9) + (-29)/q. Calculate the greatest common factor of t and 6.
3
Suppose 54 = -5*t + 304. What is the greatest common divisor of t and 125?
25
Let u be 44/4*175/5. Calculate the greatest common factor of 35 and u.
35
Let h = 34 + -13. Let r = -57 + 120. What is the greatest common factor of r and h?
21
Suppose -46 = -12*n + 122. Suppose 2*q - 175 = -3*q. What is the highest common factor of q and n?
7
Let u = 25 + 1. Suppose -3*a + 46 = -u. Calculate the highest common factor of a and 36.
12
Let j(h) = -2*h**2 - 10*h - 5. Let z be j(-4). Calculate the greatest common factor of z and 9.
3
Let q(x) = -x**2 + 7*x + 4. Let k be q(8). Let s(i) = -i. Let y be s(k). Let j be (2 + -1)/(1/y). Calculate the greatest common divisor of 4 and j.
4
Let o be (4/(-6))/(14/21). Let p be (2/4*2)/(-1). Let w be 10 + (1/p)/o. What is the highest common factor of 99 and w?
11
Suppose 0 = -4*p - x - 4*x + 617, -2*p + x = -305. What is the greatest common factor of p and 17?
17
Let f(m) = -m**2 + 13*m + 1. Let k be f(13). Let u = -7 + 3. Let v be u*((-55)/(-4))/(-5). What is the greatest common divisor of v and k?
1
Suppose 3*b = -5*p + 2, -2*b = 2*p + 3*p + 2. Let z be 272/28 - b/(-14). Calculate the greatest common factor of z and 5.
5
Suppose 2*c = -0*c. Suppose -r + 0*r - 2 = c, -t = -2*r - 15. What is the greatest common factor of t and 88?
11
Let o = 11 + 39. Let y be -2 + (-2 - -15 - 1). Calculate the highest common factor of o and y.
10
Let n be (2/(-1))/4*0. Suppose 7 + n = m. Let a be 2/m - 267/(-21). What is the greatest common divisor of 91 and a?
13
Let n(u) = 2*u + 2. Suppose 0 = 3*j - 4*l - 4, -4*j + 5*l + 4 = -0*j. Let r be n(j). Let i be r/(-18) + 14/3. Calculate the greatest common divisor of i and 40.
5
Let y be 43/2 - 1/(-2). Suppose 5*r - 3*b = 119, -34 + 0 = -r + 4*b. Calculate the highest common divisor of r and y.
22
Let o be -26*-2*2/8. Suppose 0 = -0*d - d. Let j(s) = -s**2 + 13. Let b be j(d). What is the highest common factor of o and b?
13
Suppose 4*i - 3 = 1. Calculate the greatest common factor of i and 2.
1
Suppose 2*g + 20 = 2*n, n = 4*g + 5 + 5. Calculate the highest common factor of n and 90.
10
Suppose -4*p = 2*z - 190, -p - 4*z = -0*z - 30. What is the highest common divisor of p and 150?
50
Let i be 5*(-1 - (-94)/10). Calculate the greatest common divisor of i and 6.
6
Let x(p) = 11*p. Let c be x(1). Calculate the greatest common divisor of c and 88.
11
Let h be 166/7 - 2/(-7). Let w be -1 + (-5)/(10/(-26)). What is the greatest common divisor of w and h?
12
Suppose -5*r = -3*r - 4. Suppose -r*g = 2*z - 2, -z + 10 = 5*g - 11. Calculate the highest common factor of g and 40.
5
Let h(y) be the first derivative of 2*y - 3*y - 1 - y**2 + 0 + 5*y. Let p be h(-4). Calculate the greatest common divisor of 3 and p.
3
Suppose 12 = 3*h, -3*n - 5*h + 76 = n. What is the highest common divisor of 14 and n?
14
Let b(j) be the first derivative of j**3/3 + 7*j**2/2 - 9*j - 5. Let a be b(-9). Calculate the highest common divisor of 18 and a.
9
Let y(v) = v**3 - v**2 + v + 4. Let w be y(3). Calculate the highest common divisor of w and 50.
25
Suppose -x = -2*q - 23, -x + 2*x - 5*q = 35. What is the highest common factor of x and 165?
15
Let i = 87 - 24. Calculate the greatest common divisor of 9 and i.
9
Let r(d) = -9*d + d**2 + 3*d - 2 + 2*d + d. Let f = 4 - -1. Let h be r(f). Calculate the greatest common divisor of h and 64.
8
Suppose 4*x = -0*x + 72. Let s = -17 + 19. Suppose 2*d - s = -a - a, 0 = -d + 5*a + 7. What is the greatest common factor of x and d?
2
Let o(h) = h**2 + 14*h - 10. Let s be -2*2/4 + -8. Let u be o(s). Let g = -37 - u. Calculate the greatest common factor of 12 and g.
6
Let y = 175 + -119. Calculate the greatest common divisor of 7 and y.
7
Suppose -8 = -2*z - 0. Let n(b) = 8 + 1 + z*b + b**3 + 0*b**3 - 9*b**2. Let r be n(9). Calculate the highest common divisor of r and 5.
5
Suppose -3*b + 5*b - 2*y - 40 = 0, 0 = -5*y - 25. What is the greatest common factor of 120 and b?
15
Suppose -3*q = -0*q - 4*f + 23, -q - 1 = 2*f. Let w = q - -7. Suppose 3*l + w = 23. Calculate the greatest common divisor of l and 7.
7
Let h(v) be the third derivative of -v**4/24 + 22*v**3/3 - v**2. Let a be h(0). Let n = 5 - 1. What is the highest common divisor of n and a?
4
Suppose 3*q + z = 126, -2*q + 38 = 4*z - 46. Calculate the greatest common divisor of 14 and q.
14
Suppose 4*c = 3*c + 2*p + 14, -5*c = 3*p - 135. Calculate the greatest common factor of 216 and c.
24
Let n(w) = -2*w**3 + 1. Let r be n(-1). Suppose z - 12 = -r*z. Suppose z*t - 5 = 19. What is the greatest common divisor of 1 and t?
1
Let i be -2 + (-15)/(-9) - (-2611)/21. What is the greatest common divisor of 31 and i?
31
Let i = -13 - -40. Suppose 5*w - 2*v - 40 = 0, 2*v = 2*w - v - i. Let a be -120*(14/w - 3). What is the highest common divisor of a and 10?
10
Let t be 2*(-1 + 31)/2. Let w = 46 - t. Suppose 6*j - 7 = 4*g + j, 3*g = -5*j + 21. Calculate the highest common factor of w and g.
2
Let b = -108 - -146. Let h = 186 - 91. What is the highest common factor of b and h?
19
Let s = 4 + 0. Let l(r) = 2. Let t(y) = -y**2 + y + 1. Let w(g) = -l(g) - 2*t(g). Let q be w(s). What is the greatest common divisor of 8 and q?
4
Let u = 4 - 0. What is the greatest common divisor of u and 2?
2
Let k be 6 - (-25)/(-10)*-2. What is the highest common factor of k and 77?
11
Let b(v) = -v**2 + 3*v - 2. Let n be b(2). Suppose 2*y + 5 - 19 = n. Suppose 18 = 3*p - 45. Calculate the highest common divisor of y and p.
7
Let v = 38 + -34. Calculate the highest common factor of 1 and v.
1
Suppose p - 2 = 0, 3*p + 12 = 2*f - 2. Let z(w) = -6*w - 4. Let v be z(-4). Calculate the highest common divisor of f and v.
10
Let y be 27/3 - (4 - 1). Calculate the highest common factor of 4 and y.
2
Let b be (-18)/(-15)*20/3. Calculate the greatest common divisor of 88 and b.
8
Suppose 2*l - 13 = b + 5*l, l + 7 = b. Suppose b*m - 2*t = 56, -39 = -m - 2*t + 4. What is the highest common divisor of m and 11?
11
Suppose 4*o + 25 = -5*j, -5*j - 2 = -o + 23. Let q = 2 - o. Calculate the greatest common divisor of q and 12.
2
Let s(v) = -1 - 1 - v**2 - 6*v**3 + 48*v**3 + v. Let z be s(2). Suppose -4*l + 844 = z. Calculate the highest common factor of 16 and l.
16
Suppose 1894 = 3*s - s. Suppose -5*p + s = -d - 2*d, 0 = 4*p - d - 752. Let r = -77 + p. Calculate the highest common divisor of r and 10.
10
Suppose 0 = g - 4*g. Suppose 3*k = -g*k + 144. Suppose 0*y + y = 72. What is the highest common factor of y and k?
24
Suppose -2*m +